?
5
Suppose 5*u = -16*q + 85, -4*q - 9 + 34 = 5*u. Let m(h) = 61*h + 2. Calculate m(u).
63
Suppose 0 = -2*z + 5*u - 16, 1 = -4*z + 4*u - 7. Suppose y + 6 = -z*i, -8*i + 3*i - 28 = -4*y. Let t(l) = -l - 3 + 3*l + l**y + 3*l. Give t(-6).
3
Suppose -18*h = -11*h - 329. Let q be h/(-7) - (-72)/(-252). Let y(g) = -g**3 - 7*g**2 + g - 3. Calculate y(q).
-10
Let x be (-9 + 170/20)/(4/8)*5. Let b(v) be the first derivative of v**4/12 - v**3/2 + v**2/2 - 2. Let g(f) be the second derivative of b(f). Determine g(x).
-13
Let h(d) = -2*d**2 - 8*d + 6. Let m(r) = 2*r + 2. Let s be m(0). Suppose -f - s = -7. Suppose -f*j - 16 = -4*g - 2, 0 = -5*j - g - 34. Give h(j).
-18
Let i(c) be the third derivative of c**6/120 - c**5/3 + 5*c**4/24 - 109*c**3/6 + 2*c**2 + 3059*c + 1. Determine i(20).
-9
Let p = 36298 - 36297. Let n(g) = -6*g - 13*g - 5 + 3. Let y(w) = 9*w + 1. Let b(d) = 4*n(d) + 9*y(d). What is b(p)?
6
Let g(d) = 30*d + 53. Let m(q) = 141*q + 168. Let i(h) = -57*h - 67. Let w(z) = 12*i(z) + 5*m(z). Let l(o) = 5*g(o) - 7*w(o). Calculate l(-5).
-2
Suppose 0 = -h + 2*m - 3, -3 = -h + 48*m - 6. Let n(p) = -p**2 + p - 1. Let i(c) = c**3 + 10*c**2 - c + 2. Let f(q) = -i(q) - 4*n(q). Determine f(h).
-16
Let z(b) = b + 4. Let t(d) = -1. Let u(k) = -2*t(k) - z(k). Let m = -928 + 950. Suppose -m*v + 150 = -47*v. Calculate u(v).
4
Let s(i) = -126*i + 135. Let m(r) = 253*r - 276. Let o(n) = 2*m(n) + 5*s(n). Calculate o(1).
-1
Let w(c) be the second derivative of -c**4/12 - c**3/2 - 3*c**2/2 + 2627*c. Give w(0).
-3
Suppose 3*z + 14 = 6*j - 11*j, 2*j - 2*z + 28 = 0. Let c(h) = h**3 + 6*h**2 - 6*h + 13. Calculate c(j).
6
Suppose 0 = -0*f + 3*f - 18. Let h = 214 + -206. Suppose -12 = h*l - f*l. Let q(r) = -r**3 - 5*r**2 + 8*r - 4. Determine q(l).
-16
Let f be -3 + 1 - (-2 - 1). Let t(u) = u**3 + 15*u**2 + u + 21. Let y be t(-15). Let d(v) = 8 + v + y - 14 - 12*v**2. Give d(f).
-11
Let g(p) = -452*p - 40. Let c(x) = 363*x + 41. Let q(o) = -5*c(o) - 4*g(o). Calculate q(-3).
-24
Let f(m) be the second derivative of -m**8/6720 + m**7/504 + m**6/180 - m**5/24 - m**4/3 - m**3/2 - 6*m. Let h(u) be the third derivative of f(u). Give h(6).
-17
Let t(w) = w**3 + 9*w**2 + 8*w - 6. Let v(i) = -634*i - 2. Suppose -5*q + 25 = -5*n, -q + 0*q = -2*n - 9. Let y be v(q). Let h be (y/39)/2 + 2/13. Give t(h).
-6
Suppose 642 = 3*j - 3*l, -5*j - 5*l = -531 - 539. Let p = j + -229. Let g(h) = 3*h + 38. Calculate g(p).
-7
Let p(a) = -32 - 10*a**2 + 11 - a + 13 + 11 - 3*a**3. Let d(u) = 4*u**3 + 11*u**2 + 2*u - 4. Let z(m) = 4*d(m) + 5*p(m). What is z(6)?
17
Let w(y) = 5*y - 156. Let a = -2945 + 2945. Give w(a).
-156
Let k(h) = -2*h**3 + h**2 + 2*h + 2. Let a be k(-1). Let w(t) be the first derivative of 10 + 2*t**2 - 5/3*t**3 - 2*t + 1/2*t**4. Determine w(a).
19
Let x(n) = 4*n + 1 - 2*n - 5. Let z = -10 + 18. Suppose -6*t + 38 = z. What is x(t)?
6
Let y(p) = -14 - p + 15 + 17 + 11. Calculate y(15).
14
Let r(l) = l**2 + 3*l - 3. Let t(d) = -4*d - 25. Suppose -15 = -2*u - x, -40 = -4*u - 3*x - x. Let n be t(u). Let o = -50 - n. Calculate r(o).
7
Let r(o) = o**2 + 106503 - 10*o - 106499 + 9*o. What is r(-3)?
16
Suppose 2 = -20*m + 182. Let p(z) = -2*z - z + m*z - 5*z. Give p(4).
4
Let u(a) be the third derivative of -a**5/60 + 7*a**4/24 - 4*a**3/3 + 105*a**2 - 2. What is u(9)?
-26
Let a(x) = -15*x - 6. Let g(m) = 8*m + 3. Let d(h) = -4*a(h) - 7*g(h). Suppose 4*i = 1156 + 436. Suppose i*o - 409*o = -66. Determine d(o).
27
Let f(j) = 29*j - 59. Let a(o) = -8*o + 1. Let d(r) = -4*a(r) - f(r). Calculate d(-17).
4
Let v(l) = l**3 - 7*l**2 + 6*l - 2. Let o = -332 + 356. Let p be (-51)/(-15) + o/40 + 2. What is v(p)?
-2
Let y(o) = 242*o + 2. Let h(d) = -1373*d - 12. Let r(n) = -6*h(n) - 34*y(n). Calculate r(-8).
-76
Let w(f) = 2. Let a(n) = -2. Let q(j) = -a(j) + 2*w(j). Let o(x) = x - 10. Let d(c) = 5*o(c) + 8*q(c). What is d(-3)?
-17
Let z(x) = 58*x + 62. Let s(y) = -13*y - 11. Let m(c) = 28*s(c) + 6*z(c). Determine m(6).
-32
Let x(l) = -17*l**3 + 8*l**2 + 68*l + 16. Let d(n) = -5*n**3 + 2*n**2 + 20*n + 5. Let t(f) = 7*d(f) - 2*x(f). Give t(-3).
0
Let w be (-1)/((2 + 0)/(-10)). Suppose -4*d - 24 = 4*j, -1 = 2*j + w. Let f(c) = -c + 588. Let l(u) = -2*u + 1324. Let o(k) = 9*f(k) - 4*l(k). What is o(d)?
-1
Let j(t) = t**2 + 35*t + 173. Let h be j(-29). Let p(g) be the second derivative of -19*g**3/6 + g**2 - g. Give p(h).
21
Let k(l) be the first derivative of -1/3*l**3 + 37 + 10*l - 5/2*l**2. Give k(-7).
-4
Let o(g) = g**3 - 7*g**2 + g - 1. Suppose 3*m + 520 = -2*r, -m + 12*r - 160 = 10*r. Let i = m + 177. Determine o(i).
6
Let a(p) = -p**3 + 14*p**2 - 11*p - 33. Let d = 1076 - 1063. What is a(d)?
-7
Let y(t) = t**3 - 5*t**2 - 65*t + 10. Let k be y(-6). Let f(g) = -20*g + 88. Determine f(k).
8
Let y(n) = 24*n + 556. Let g be ((-217)/(-434))/(1/(-46)). Give y(g).
4
Suppose -40*w = -42*w + 4. Let r(k) = -7*k**3 + 6*k - 4 - w*k + 6*k**3 - k. Let c = -1 + -2. Determine r(c).
14
Suppose 8*g - 9*g = -2*d + 4, -4*g - 2*d = -14. Let a(h) = 395*h + h**g + 417*h - 798*h + 11. Give a(-13).
-2
Let j(w) be the first derivative of -3*w**4/2 - w + 35. Let a = -730 - -731. What is j(a)?
-7
Let z(d) be the first derivative of -d**3/3 - 17*d**2/2 - 39*d - 3378. Give z(-3).
3
Let f(j) = -992*j + 8927. Let k be f(9). Let i(h) = -9*h**2 - h. Determine i(k).
-8
Let q(b) = 2*b**3 + b - 1. Let h be q(1). Suppose -13*u - r = -14*u - 6, -3*u + 2 = h*r. Let k(p) = 7*p**2 - 2*p - 3. Calculate k(u).
29
Let s(p) = 17*p**2 + 32*p - 8*p**2 - p**3 + 90947 + 13*p**2 - 90921 - 10*p. Determine s(23).
3
Let b(w) = -3*w**2 - 4*w - 9. Let f(s) = s**2 + 2*s. Let z(y) = -12*y**2 - 10*y - 46. Let u(g) = 5*f(g) - z(g). Let j(r) = 11*b(r) + 2*u(r). What is j(5)?
-2
Let m(x) = -11*x + 16. Suppose 4*a + 12*a + 9*a - 10*a = 0. Determine m(a).
16
Let y = 30 - 22. Let v = -4 + y. Let u(i) = -4*i + i**2 - 225 + 225 - i. Calculate u(v).
-4
Let y be 423/(-39) - (-190)/(-1235). Let z(g) = -g**2 - 13*g - 10. Give z(y).
12
Let p(d) be the first derivative of -1/60*d**5 + 7/2*d**2 - 1/6*d**3 + 0*d - 15 + 5/24*d**4. Let j(z) be the second derivative of p(z). Calculate j(3).
5
Let n(c) = c**3 - 5*c**2 - 2*c + 7. Let x be n(0). Let d(g) = -g + 24. Determine d(x).
17
Let v(a) = a. Let j(g) = g**3 + 5*g**2 + 8*g + 10. Let z be j(-4). Let p = -12 - z. Let y be (p - (-56)/12)*18/(-4). Give v(y).
6
Let h(c) be the second derivative of 0 - 2*c**3 + 7/6*c**4 + 7/2*c**2 + 157*c - 1/20*c**5. What is h(13)?
20
Suppose 3*p - 45 = -30. Let r(d) = 104*d + 98*d + p*d**2 - 3 - 202*d - 3*d**2. Give r(-4).
29
Let d(o) be the first derivative of 13*o**2 - 265*o + 4251. Determine d(10).
-5
Let g(c) = c**2 - 12*c + 3. Let z(s) = s + 3. Let a be (1 - 55/(-15))*24/14. Let d be z(a). Give g(d).
-8
Let i(r) = r**2 - 19*r - 49. Let d = 6974 - 6954. Determine i(d).
-29
Let o(q) = -q**2 + 6*q - 11. Let k = 310 - 418. Let x be -4*k/84 + 2/(-14). Give o(x).
-6
Let q(n) = 3*n - 6147*n**2 - 8 + 3109*n**2 + 3009*n**2. Give q(2).
-118
Let u = 4720 - 4716. Let g(n) be the second derivative of 10*n + 1/6*n**3 - 1/20*n**5 - 4*n**2 - 1/12*n**u + 0. What is g(0)?
-8
Let g(b) be the second derivative of -5*b**3/2 + 47*b**2 - b - 789. Give g(6).
4
Let p(z) be the third derivative of z**5/60 - 7*z**3/2 - z**2 - 7844. Let i(a) = -a**2 + 1. Let w(y) = -y + 4. Let t be w(5). Let q be i(t). Calculate p(q).
-21
Let w(t) = t**2 + 11*t + 1. Let i = 39 + -34. Let u be (0/(-6) - 2) + 2 - -5. Suppose u*p - 3*q = 3*p - 21, -i*p = q + 44. Give w(p).
-17
Suppose r = -4*k - r - 18, -4*r - 18 = -k. Let b be k + (-2 - -7) - 18/(-9). Let y(h) = 3 + 3*h**2 + 5 - 2*h**2 - 5 - b*h. Determine y(6).
9
Let m(u) = -7*u**2 + 3*u - 15. Suppose -146*g = -103*g - 129. Calculate m(g).
-69
Let k(z) = -z**2 + 63*z - 129. Let b be k(61). Let i(y) = 28*y**2 + 4 - 40*y**2 + 19*y**2 + y**3. What is i(b)?
4
Let p(y) = -y**3 - y**2 + y - 1. Let t(a) = 6*a**3 - 2*a**2 - 8*a. Let s(u) = 5*p(u) + t(u). Let k(v) = v**2 - 288*v + 10134. Let c be k(41). Give s(c).
-26
Let l(j) be the third derivative of -j**5/60 + j**4/4 - 7*j**3/6 - 2497*j**2. Give l(14).
-119
Let k(j) = -j**3 - 4*j**2 - 2*j. Let u be k(-2). Let q = u - -7. Let h(w) = -3 + 827626*w + 7 - 827624*w. Calculate h(q).
10
Let j(p) = 0 - 14 - p - 2. Let l = -12741 - -12729. 